= 0. Let s be (-12)/(-10)*10/6. Let h be (w - 10) + 22/s. What is the greatest common factor of h and 72?
9
Suppose -2 = b - 4*y - 0, -3*b = 3*y - 24. Let h be -1 - 15/(-9) - (-20)/b. Let q be 2 - (-2 - -3)/1. What is the greatest common factor of h and q?
1
Suppose 0 = -n + 6 + 198. Let z = -12988 + 13000. Calculate the greatest common divisor of z and n.
12
Let p be 3 + -6 + 9 + -2. Suppose -23 = -5*t + 3*t + 5*v, p*v = 2*t - 22. What is the highest common divisor of 90 and t?
9
Let b be 380/(-1)*78/(-195). What is the greatest common factor of 171 and b?
19
Let c(b) = 9*b**2 - 7*b + 19. Let h(o) = -8*o**2 + 6*o - 18. Let s(u) = -6*c(u) - 7*h(u). Let k be s(0). Calculate the greatest common divisor of 84 and k.
12
Let v = -1456 - -1459. Calculate the greatest common factor of v and 6.
3
Let o = -27 - -38. Let l be (-26)/117 + o/9. Suppose -22*j + 29*j - 14 = 0. Calculate the highest common divisor of l and j.
1
Let b be (-9 - 30/(-6))*(-3 - 13). Calculate the greatest common divisor of 48 and b.
16
Suppose -2*c + 4*j = -194, c - j - 93 = 3*j. Suppose -c = -7*i + 53. What is the greatest common factor of 88 and i?
22
Let s = 37 + -26. Let p(q) = -q**3 + 19*q**2 + 7*q - 1. Let i be p(19). Calculate the greatest common factor of s and i.
11
Let j be 65 - (1 + (-4)/(-4)). Let w(m) be the first derivative of 43*m**2/2 - m - 1. Let o be w(1). What is the greatest common divisor of j and o?
21
Let q be (0/3)/(-3 + 2). Suppose q = 9*x - 8*x - 242. What is the greatest common divisor of 22 and x?
22
Suppose 2*y + 20 = 5*p, 5*p + 2*y - 13 - 7 = 0. Suppose 4*m - 3*m = 3*d + 7, -4*m = -p*d - 68. Calculate the greatest common factor of 88 and m.
22
Suppose -l - 2*q + 24 = -0*q, -78 = -3*l - 4*q. Let f be 4/14 + 7224/98. Let g = -68 + f. Calculate the greatest common factor of l and g.
6
Let b be (-26)/39 - (-9)/((-27)/(-110)). Calculate the highest common factor of b and 954.
18
Let m(s) = 2*s**2 + 4*s - 7. Let x be m(-4). Calculate the highest common divisor of x and 24.
3
Suppose -s + 4*q = -33, 0 = 3*s - 5*s + 3*q + 81. What is the highest common divisor of s and 75?
15
Suppose -w + 3*w - 6 = 0. Suppose -3*v - 28 + 145 = 0. Suppose -5*p + v + 21 = 0. Calculate the greatest common divisor of p and w.
3
Suppose 2*a + 3*y + 30 = 467, -5*y = -5*a + 1105. Let o = -57 + a. Let k = -83 + o. Calculate the greatest common divisor of k and 10.
10
Suppose -10*c = -c + 153. Let j be (c/(-3) + 1)*6/4. What is the highest common factor of j and 10?
10
Suppose 9 - 21 = x. Let g = 244 - x. Let p = -64 - -96. Calculate the greatest common divisor of g and p.
32
Let u(n) = 2*n**2 - 5*n + 5. Let b be u(2). Suppose 0 = -2*r + r + b. Calculate the highest common factor of r and 3.
3
Let j be 2/(-3)*117/156*-22. What is the highest common divisor of 1375 and j?
11
Suppose -469 - 213 = -2*d. What is the greatest common factor of 31 and d?
31
Let q(y) = y**3 - 2*y**2 + y - 2. Let s be q(2). Suppose s = -i - 3*i + 96. Let l(o) = o**2 + 3. Let j be l(0). Calculate the highest common factor of j and i.
3
Suppose -3*f = 7 + 23. Let z be (f + 1)*21/(-63). Calculate the highest common factor of 15 and z.
3
Let o be (-3 - 45)/(-2 + (0 - 0)). Calculate the highest common factor of 600 and o.
24
Suppose -3*y - 5*k = -21, -y - k + 8 = 3. Suppose 2*l = c + 4*c + 71, 4*l - 182 = y*c. What is the greatest common factor of 240 and l?
48
Suppose -i + 2*d = 7, -5 = -d - 2. Let j be ((-216)/48)/(i/2). Calculate the greatest common factor of 27 and j.
9
Let s = -21 + 34. Let v be 6/(-33) - (-174)/(-11). Let g = v - -133. What is the greatest common factor of s and g?
13
Let s(f) = f**3 - 3*f**2 - 2*f + 377. Let b be s(0). What is the greatest common factor of b and 58?
29
Let k(u) = -u**3 + 6*u**2 + 5*u + 2. Let i be k(7). Let d = 17 + i. Suppose 3*q + q + 12 = 0, -2*v + 8 = -2*q. What is the greatest common factor of v and d?
1
Let u = -308 - -596. Let k be (-32)/(1/(-1) + 0). Calculate the greatest common factor of u and k.
32
Let n be 5 + -9*(-30)/6. Calculate the greatest common factor of n and 90.
10
Suppose 93 = -2*h + 3*h + g, -25 = -5*g. Let r(d) = -d**2 - 8*d + 8. Let x be r(-8). Calculate the greatest common divisor of h and x.
8
Suppose -127*r = -128*r + 20. Calculate the greatest common divisor of 900 and r.
20
Let y be 7498/690 + (1 - (-26)/(-30)). What is the highest common factor of 341 and y?
11
Let s(p) = -p**3 - p + 240. Let u = -16 + 16. Let r be s(u). Let o(x) = -x + 49. Let a be o(19). What is the highest common factor of r and a?
30
Let i be ((-42)/(-9) - 4)*42. Suppose -2*v - i = -90. Calculate the greatest common divisor of 248 and v.
31
Suppose 0 = -4*x + 11 + 1. Suppose 4*b - 2*a + 76 = a, 5*a = -3*b - 57. Let p = b - -31. What is the greatest common factor of x and p?
3
Let a = 4936 + -4928. Let w be 3/12 - (-94)/8. Calculate the highest common factor of w and a.
4
Suppose j - 36 = -3*h + 3, -5*j + 4*h + 119 = 0. What is the greatest common divisor of 72 and j?
9
Let l = -31 + 14. Let d = -9 - l. Calculate the highest common factor of 4 and d.
4
Suppose -k = b - 316, b - 940 = -k - 2*k. Calculate the greatest common divisor of k and 26.
26
Suppose 5*z = 3*d - 4*d - 11, 4*d - 16 = -5*z. Let n be (d/27)/(1/12). Let b be 602/10 - n/20. Calculate the highest common factor of b and 15.
15
Let d = -1 - -5. Suppose -40 = -d*f + 24. What is the highest common factor of f and 40?
8
Let n(h) = h**2 + 45*h + 110. Let w be n(-43). Calculate the greatest common factor of 32 and w.
8
Let m = -4 - -1. Let g = m - -39. Let s(v) = -v**3 - 6*v**2 - 3*v - 9. Let u be s(-6). What is the greatest common divisor of u and g?
9
Let t be (464/20)/(46/115). What is the greatest common divisor of 928 and t?
58
Suppose 517 = 10*b - 53. What is the highest common divisor of b and 114?
57
Let s(y) = y**2 - 9*y + 4. Let o be s(9). Let u(m) = 6*m + 2. Suppose 21 + 4 = 5*h. Let c be u(h). What is the highest common factor of c and o?
4
Let v be 6 + (-15 - 14)/(1/(-1)). Suppose -3*u + 9 + 12 = 0. What is the greatest common divisor of v and u?
7
Suppose 4*w - 226 - 82 = 0. Suppose -6 = -24*i + 21*i. Let l be 84/30*(-15)/(-12)*i. What is the highest common divisor of l and w?
7
Suppose 370 + 602 = -4*r. Let i = r - -432. What is the greatest common divisor of i and 21?
21
Let z = -16 - -24. Suppose 0*t = 4*t - 108. Suppose 5*q = z + t. Calculate the greatest common factor of 63 and q.
7
Let x(w) be the second derivative of w**5/20 + 7*w**4/6 - 3*w**3 - 11*w**2 + 4*w. Let i be x(-14). What is the greatest common factor of i and 46?
46
Let n = 72 - 51. Calculate the highest common factor of 14 and n.
7
Suppose 0 = -0*p - 6*p + 12. Suppose 4*g - 808 = 2*h, -3*g - 2*g + p*h + 1011 = 0. Calculate the greatest common factor of g and 29.
29
Let v be (-4)/(-18) + (-465)/27 + 2. Let g be ((-48)/v)/(2/5 - 0). Calculate the greatest common factor of g and 24.
8
Suppose -11*v = -3*v - 520. What is the highest common divisor of 104 and v?
13
Suppose -76*f + 5653 = -5899. Calculate the greatest common factor of 8 and f.
8
Suppose -3*p - 154 = -550. Suppose -192 = -3*s + 5*f, 0 = s + 4*f - 33 - 14. Let b = 71 - s. What is the greatest common factor of b and p?
12
Let f(q) = 20*q**2 + 83*q + 8. Let s be f(-7). What is the greatest common divisor of 11 and s?
11
Let q = 50 - 24. Let o(k) = -k**2 - 17*k + 13. Let h = 132 + -149. Let u be o(h). What is the highest common divisor of u and q?
13
Suppose 5*c = 44 + 16. Let y = 974 + -842. Calculate the greatest common factor of y and c.
12
Let b = 9 - 21. Let m be (b/30)/((-1)/30). Suppose -3*u = -5*u + m. Calculate the greatest common divisor of 2 and u.
2
Let k be (-16507)/(-85) + 2/(-10). Let m be k/6 - 5/15. Suppose -g - 50 = -5*x + 2*x, -x + 6 = 5*g. Calculate the highest common factor of x and m.
16
Let k be (-12)/((-1)/(-4) - 1). Suppose 0 = 31*x - 35*x, p - 2 = -2*x. Calculate the highest common divisor of k and p.
2
Suppose -5*b + 3*j = -3*b - 166, 0 = -4*j - 8. Suppose 2*p = -4*c, 4*p + 2*c - 30 = -0*c. Calculate the greatest common factor of b and p.
10
Suppose 0 = -2*g - o + 160, -4*o + 0*o = -5*g + 400. Let i = -108 + 113. Calculate the greatest common factor of i and g.
5
Let p = -23 + 67. Suppose -p = -5*b + 81. Calculate the greatest common divisor of